*p - 15. Let u(a) = 3*a + 12. Let b be u(-6). Let s(q) = b*z(q) - 5*h(q). What are the prime factors of s(3)?
13
Let d be (63/(-42))/((-1)/4*2). Suppose 356 + 718 = d*n. List the prime factors of n.
2, 179
Suppose 6*j - 2*w - 2405 = 3263, w = j - 942. List the prime factors of j.
2, 11, 43
Let q(k) = 3*k**3 - 10*k**2 - 31*k - 76. List the prime factors of q(23).
2, 7, 41, 53
Suppose -2*m + 10*m = -1288. Let a = m - -353. What are the prime factors of a?
2, 3
Suppose -4*k - 2*c = -1 + 5, -2*k - 2*c - 4 = 0. List the prime factors of 9/3*2 + (452 - k).
2, 229
List the prime factors of (-1814)/(1*-1) - (-930 - -938).
2, 3, 7, 43
Suppose -4*z + 2*l - 544 = -0*l, -4 = -2*l. Let b = z - -183. What are the prime factors of b?
2, 3
Suppose q - 891 - 714 = 0. Suppose -x - y = -315, y + q = 4*x + x. List the prime factors of x.
2, 5
Suppose -46*k + 50651 + 1169900 = 90975. List the prime factors of k.
2, 7, 877
Let h(s) = -s**3 + 2 + 12*s - 22*s - 18*s**2 + 36*s + 23*s. Let y be h(-21). Let j = y + -146. List the prime factors of j.
2, 3, 5
Suppose 4*h - 73804 = -4*w, 19*w - 15*w - 4*h = 73836. List the prime factors of w.
5, 3691
Suppose w - 3 = 2*q, 0*q + q + 5*w = -7. Let d be 12/3*(-2)/q. Suppose -3*o + 163 = -x, d*o - 141 - 55 = -4*x. List the prime factors of o.
53
Suppose -5*f + 997 = x + 2*x, -x + 3*f = -337. Let v = 612 - x. List the prime factors of v.
2, 139
Suppose 0 = 8*w + 23 - 231. Let g be (40/15 + -3)*w*-3. List the prime factors of -132*(g/(-12) + 3/2).
2, 11
Suppose -4*y = 2*b - 18, 6*y - b = y + 40. Suppose -3 = 4*d - 4*f + 1, 0 = -4*d + 2*f - 2. Suppose y*t - 9*t + 234 = d. What are the prime factors of t?
3, 13
Let f(i) = i + 24. Let u be f(-20). Suppose 9 = u*k + 53. Let x(v) = -13*v - 61. What are the prime factors of x(k)?
2, 41
Let i(h) = -3*h**2 + 276*h + 1218. What are the prime factors of i(89)?
3, 673
Let f = 21 - 13. Suppose -748 - 332 = -f*h. Let i = h - -31. List the prime factors of i.
2, 83
Let l(m) be the second derivative of m**6/30 + m**5/40 + 7*m**3/6 + 18*m. Let o(h) be the second derivative of l(h). List the prime factors of o(2).
2, 3
Let u be (-1 - (-4 - -4))/((-6)/12). Suppose -z = u*f - 0*f - 922, 3*f - 3673 = -4*z. List the prime factors of z.
2, 229
Suppose -10*h + 4*q = -8*h - 7390, -2*q - 7380 = -2*h. What are the prime factors of h?
5, 11, 67
Suppose 29*j + 99 = 12. What are the prime factors of ((-32)/j)/((-38)/(-1710))?
2, 3, 5
Let k(n) = -n**2 + 10*n + 5. Let c be k(10). Let d be (3 + 12 + -5)/2. Suppose 0 = d*j + 4*q - 69 - 356, -c*q - 114 = -j. What are the prime factors of j?
89
Let l(x) = -x**2 - 21*x + 51. Let p be l(-23). Let o be -2 - -2 - 1 - p. List the prime factors of 160/(-36)*-24 - (-4)/o.
2, 53
Let x(h) = 5*h**2 - 6*h + 124. List the prime factors of x(-15).
13, 103
What are the prime factors of 9710 + 7 + 4/((-8)/4)?
5, 29, 67
Suppose d - 13205 = b, 3*d + b = -6074 + 45673. What are the prime factors of d?
43, 307
Let z(v) = -4565*v + 46. List the prime factors of z(-1).
3, 29, 53
Let f be 1*-5*(-5264)/70. List the prime factors of -5 + -2 + f - 2.
367
Let f(m) = -5422*m - 2465. List the prime factors of f(-6).
107, 281
Let g = -681 + 1241. Let h be g/(-6) - (-14)/(-21). List the prime factors of h/(-30) - (-8)/(-60).
3
Suppose 0 = 26*p - 76*p + 369350. What are the prime factors of p?
83, 89
Let n(o) = o**3 + 33*o**2 + 62*o + 67. Let x be ((-2)/4)/(4/232). List the prime factors of n(x).
23, 71
Let w(i) = 6*i - 9. Let b(s) = 7*s - 9. Let a(p) = 5*b(p) - 6*w(p). Let t = 20149 + -20147. List the prime factors of a(t).
7
Let w be 10/2*(5 - -1). Suppose w*f - f - 3248 = 0. What are the prime factors of f?
2, 7
Let f = -82 - -148. Suppose h = 309 + 516. Suppose 69*o - f*o = h. What are the prime factors of o?
5, 11
Let i = -313 - -318. Suppose 0*u = 2*m - 4*u - 696, -i*m = -3*u - 1775. What are the prime factors of m?
2, 179
Let x(k) = k**2 + 16*k + 68. Let r be x(-8). What are the prime factors of (-6)/8 + 1 - (-151)/r?
2, 19
Suppose -2919 = -4*s - 6*b + b, 0 = -2*s + 3*b + 1443. Suppose -6*j + s = -3*j. List the prime factors of j.
2, 11
Suppose 0*o = -4*f - 2*o - 7408, -7400 = 4*f - 2*o. What are the prime factors of -31*(f/45 - 2/(-15))?
31, 41
Let u(h) = h**3 + 8*h**2 + 5*h. Let b be u(-3). Let j = b + -28. Suppose 400 = j*n + 3*n. List the prime factors of n.
2, 5
Let f(u) = -u**3 - 6*u**2 + 5. Let l be f(-2). Let d be 55/l*6/(-10). Suppose -2*b + 597 = -3*a + 132, -725 = -d*b - a. List the prime factors of b.
2, 3, 5
Suppose 8*p = 11*p + 1068. Let l = -265 - p. List the prime factors of l.
7, 13
Let m(u) = -115*u**2 - 6. Let s(w) = 229*w**2 + 11. Let d(x) = 11*m(x) + 6*s(x). Suppose -2 = 106*n - 107*n - 3*r, -5*r = -5. List the prime factors of d(n).
109
Let i = 1295 + -744. Let y = i + -20. What are the prime factors of y?
3, 59
Let f = -8366 + 10287. What are the prime factors of f?
17, 113
Suppose -16 + 56 = 8*g. Let c be (1 - g)/(0 + 1). Let b = 12 + c. List the prime factors of b.
2
Suppose 4754862 = -443*w + 632*w. What are the prime factors of w?
2, 3, 7, 599
Suppose -3138250 = -148*h + 1214726. List the prime factors of h.
2, 3, 19, 43
Let a(l) = -355*l + 79. Let g be a(-5). List the prime factors of (-10 + 424/40)*(g + 1).
3, 7, 53
Let g be (-1)/(-1 + 42/45). Let b = 519 + -511. What are the prime factors of (24/g)/(b/140)?
2, 7
What are the prime factors of 9/(-3) + -3*(-4)/(-8)*-2546?
2, 3, 53
Suppose 0 = 2*o - 3*o - 432. List the prime factors of 2 - (o - (6 + 0)).
2, 5, 11
Let z(o) = -o**2 + 12*o + 12. Let w be -1*(-5*2 - (1 - -2)). Let h be z(w). Let n = h - -73. What are the prime factors of n?
2, 3
Let l(d) = -4*d + 57. Let i be (11 - (-1 - -3)) + -1. What are the prime factors of l(i)?
5
List the prime factors of (17 - -17222) + -7 + -7.
5, 13, 53
Let d be (-44)/132 + (-7)/(-3). Suppose -105 = -d*a + 113. What are the prime factors of a?
109
Suppose 0 = t - 4*t + 2*j + 6367, 25 = -5*j. Suppose 0 = -2*c - 3*c + 4*n + 2113, -5*c + 2*n + t = 0. What are the prime factors of c?
5, 17
Let v(i) = i**3 - i**2 + i. Let z(d) = -5*d**3 + 6*d**2 - 13*d + 3. Let f(l) = 6*v(l) + z(l). List the prime factors of f(3).
3
Let w(r) = -r**2 + 13*r - 42. Let p be w(6). Suppose p*t = 5*t - y - 2782, 3*y + 562 = t. Let i = -280 + t. What are the prime factors of i?
2, 3, 23
Suppose -a + 25494 = 3*j + 2*a, 0 = -3*j - 5*a + 25500. What are the prime factors of j?
5, 1699
Let v be -7*12/(-56)*54. Suppose 17*r + v = 880. List the prime factors of r.
47
Suppose 79 = 2*r - a, -3*a + 5*a - 136 = -3*r. What are the prime factors of ((-3804)/r)/((-6)/21)?
317
Let v(g) = g**3 - 3*g**2 - 10*g + 11. Let o(f) = -f**3 - f**2 + 4*f - 1. Let a be o(-3). Let d be v(a). Let t = d - -22. List the prime factors of t.
3, 11
What are the prime factors of 13549 + -23 - (-4 - -9)?
3, 4507
Let a(h) = -2*h - 16. Suppose 5*i + 16 = z + 10*i, -4*z - 41 = -i. Let g be a(z). Suppose g*r = -9*r + 1353. List the prime factors of r.
3, 41
Let s(m) = 75*m - 23. Let t = -161 + 170. What are the prime factors of s(t)?
2, 163
Suppose z - 3 = -2*r, 0 = 2*r - r - 3. Let n be 2 + (72 - z - -1). Let y = n + -38. List the prime factors of y.
2, 5
Let b(i) = 4*i**2 + 17*i + 107. Suppose 0 = 3*a - v + 41, 4*v - 38 - 42 = 5*a. What are the prime factors of b(a)?
479
Suppose s - 6143 = -z, 125*z = 124*z - 3*s + 6135. List the prime factors of z.
3, 683
Let w(g) = -5*g**2 + 207*g + 337. List the prime factors of w(40).
617
Let o(t) = 53*t - 194*t**3 + 2*t**2 - 72*t + 20*t. Suppose -2*x + 0 - 2 = 0. List the prime factors of o(x).
3, 5, 13
Suppose 1601*l = 1614*l - 83902. List the prime factors of l.
2, 7, 461
Let c = 61785 - -28798. List the prime factors of c.
90583
Let r(v) = 40*v**2 - 16*v - 45. Suppose -2*q - 24 = -4*a, -2*q + 48 = -5*a + 79. What are the prime factors of r(a)?
3, 601
Let l(j) = 38 - 10 - 8*j - 11 + j**3 - 8*j**2 - 14 + 5*j**2. Let w = -11 + 16. List the prime factors of l(w).
13
Let p be (-2)/(-10) + 3610/(-50). Let a = 72 + p. Let t(b) = 6*b + 6. What are the prime factors of t(a)?
2, 3
Let p(m) be the second derivative of m**4/12 + 5*m**3/2 + 3*m**2 - 56*m. List the prime factors of p(-17).
2, 5
Let r(s) = 1309*s**3 - 7*s**2 - 5*s + 19. What are the prime factors of r(2)?
10453
Suppose 12*i - 49*i = -1221.